{"id":12,"date":"2022-07-13T23:59:46","date_gmt":"2022-07-13T20:59:46","guid":{"rendered":"https:\/\/esraaktepekeskin.com\/?page_id=11"},"modified":"2024-03-27T09:01:01","modified_gmt":"2024-03-27T06:01:01","slug":"ana-sayfa","status":"publish","type":"page","link":"https:\/\/drgokhansert.com\/eng\/","title":{"rendered":"Home"},"content":{"rendered":"<div class=\"wpb-content-wrapper\"><p>[vc_row full_width=&#8221;stretch_row_content_no_spaces&#8221; css=&#8221;.vc_custom_1691582065640{margin-bottom: 0px !important;border-bottom-width: 0px !important;padding-bottom: 0px !important;}&#8221; conditional_render=&#8221;%5B%7B%22value_role%22%3A%22administrator%22%7D%5D&#8221;][vc_column][vc_single_image image_dynamic_fallback=&#8221;2329&#8243; img_size=&#8221;full&#8221; alignment=&#8221;center&#8221; enable_image_dynamic=&#8221;true&#8221; css=&#8221;.vc_custom_1711519232696{margin-bottom: 0px !important;border-bottom-width: 0px !important;padding-bottom: 0px !important;}&#8221; label=&#8221;&#8221;][vc_column_text][vc_separator color=&#8221;custom&#8221; border_width=&#8221;3&#8243; accent_color=&#8221;#002F69&#8243;][\/vc_column_text][\/vc_column][\/vc_row][vc_row wrap_container=&#8221;yes&#8221; bg_type=&#8221;bg_color&#8221; bg_color_value=&#8221;#f4f4f4&#8243;][vc_column width=&#8221;2\/3&#8243;][vc_custom_heading text=&#8221;<strong>Assoc. Prof. Dr. G\u00f6khan Sert<\/strong>&#8221; use_theme_fonts=&#8221;yes&#8221;][vc_column_text]I was born in \u0130zmir in 1990. I completed my primary education and high school education at \u0130zmir Turkish College. I graduated from Ankara University Faculty of Medicine in 2013. I completed my plastic surgery training in the Department of Plastic, Reconstructive and Aesthetic Surgery at Hacettepe University Faculty of Medicine in 2019. I worked as a clinical fellow in the China Medical University Hospital Department of Plastic and Reconstructive Surgery in Taichung, Taiwan, which is directed by Prof. Dr. Hung Chi Chen, an important surgeon in the field of Reconstructive Microsurgery, between 2019-2020. I participated in training as an observer at the National Center for Global Health and Medicine, Supermicrosurgery International Lymphedema Center in Tokyo, Japan, which is directed by Prof. Dr. Takumi Yamamoto, and at the Hiroshima University Hospital, International Center for Lymphedema in Hiroshima, directed by Prof. Dr. Isao Koshima.<\/p>\n<p>I completed my state service at Ankara Training and Research Hospital, Department of Plastic, Reconstructive and Aesthetic Surgery. In 2020, I obtained the European Board of Plastic Surgery certificate, earning the title of FEBOPRAS (Fellow of European Board of Plastic Reconstructive and Aesthetic Surgery). <strong><a href=\"https:\/\/drgokhansert.com\/eng\/about-me\/\">Read more&#8230;<\/a><\/strong>[\/vc_column_text][\/vc_column][vc_column width=&#8221;1\/3&#8243;][vc_single_image image=&#8221;2229&#8243; img_size=&#8221;full&#8221; alignment=&#8221;center&#8221;][\/vc_column][\/vc_row][vc_row el_class=&#8221;p-b-none&#8221;][vc_column el_class=&#8221;p-l-none p-r-none&#8221; css=&#8221;.vc_custom_1592210191542{margin-bottom: 1px !important;border-bottom-width: 1px !important;padding-bottom: 1px !important;}&#8221;][vc_custom_heading text=&#8221;<strong>Specialties<\/strong>&#8221; font_container=&#8221;tag:h2|text_align:center&#8221; use_theme_fonts=&#8221;yes&#8221;]<div id=\"porto-portfolio-3145\" class=\"porto-portfolios porto-portfoliosbfab wpb_content_element \">\r\n\t<div class=\"page-portfolios clearfix portfolios-grid wpb_custom_f766824d32289da1f974c4f6f5382936\" id=\"porto_portfolios_mh8b\">\r\n\r\n\t\r\n\t\r\n\t\t\t<div class=\"portfolios-container portfolio-row portfolio-row-4 classic\">\r\n\r\n\t\r\n\t\t<article class=\"portfolio portfolio-grid portfolio-col-4 dr-gokhan-sert post-2098 type-portfolio status-publish has-post-thumbnail hentry portfolio_cat-dr-gokhan-sert\">\r\n\t\t<h3 class=\"entry-title\" style=\"display: none;\">Rhinoplasty<\/h3><span class=\"vcard\" style=\"display: none;\"><span class=\"fn\"><a href=\"https:\/\/drgokhansert.com\/eng\/author\/alper\/\" title=\"Alper Can S\u0131rk\u0131nt\u0131 taraf\u0131ndan yaz\u0131lan yaz\u0131lar\" rel=\"author\">Alper Can S\u0131rk\u0131nt\u0131<\/a><\/span><\/span><span class=\"updated\" style=\"display:none\">2024-02-08T23:48:43+03:00<\/span>\t\t<div class=\"portfolio-item default\">\r\n\t\t\t\r\n\t\t\t<a class=\"text-decoration-none portfolio-link\" href=\"https:\/\/drgokhansert.com\/eng\/specialties\/rhinoplasty\/\">\r\n\t\t\t\t<span class=\"thumb-info thumb-info-lighten thumb-info-no-zoom\">\r\n\t\t\t\t\t<span class=\"thumb-info-wrapper\">\r\n\t\t\t\t\t\t\t\t\t\t\t\t\t\t\t<img loading=\"lazy\" decoding=\"async\" class=\"img-responsive\" src=\"https:\/\/drgokhansert.com\/eng\/wp-content\/uploads\/2024\/02\/Burun-Estetigi-400x300.jpg\" alt=\"\" width=\"400\" height=\"300\" \/>\r\n\t\t\t\t\t\t\t\t\t\r\n\t\t\t\t\t\t\r\n\t\t\t\t\t\t\r\n\t\t\t\t\t\t\t\t\t\t\t\t\t\t\t\t<span class=\"thumb-info-title\">\r\n\r\n\t\t\t\t\t\t\t\t\t\t<span class=\"thumb-info-inner\">Rhinoplasty<\/span>\r\n\r\n\t\t\t\t\t\t\t\t\t\t\r\n\t\t\t\t\t\t\t\t\t<\/span>\r\n\t\t\t\t\t\t\t\t\t\t\t\t\t\t\t\t\t\t\t\t\t\t\t\t\t\t\t\t\t\t\t<\/span>\r\n\t\t\t\t<\/span>\r\n\t\t\t<\/a>\r\n\t\t\t\t\t\t\t\t<\/div>\r\n\t<\/article>\r\n\t\t<article class=\"portfolio portfolio-grid portfolio-col-4 dr-gokhan-sert post-2070 type-portfolio status-publish has-post-thumbnail hentry portfolio_cat-dr-gokhan-sert\">\r\n\t\t<h3 class=\"entry-title\" style=\"display: none;\">Face Lift\u00a0<\/h3><span class=\"vcard\" style=\"display: none;\"><span class=\"fn\"><a href=\"https:\/\/drgokhansert.com\/eng\/author\/alper\/\" title=\"Alper Can S\u0131rk\u0131nt\u0131 taraf\u0131ndan yaz\u0131lan yaz\u0131lar\" rel=\"author\">Alper Can S\u0131rk\u0131nt\u0131<\/a><\/span><\/span><span class=\"updated\" style=\"display:none\">2024-02-08T23:54:44+03:00<\/span>\t\t<div class=\"portfolio-item default\">\r\n\t\t\t\r\n\t\t\t<a class=\"text-decoration-none portfolio-link\" href=\"https:\/\/drgokhansert.com\/eng\/specialties\/face-lift\/\">\r\n\t\t\t\t<span class=\"thumb-info thumb-info-lighten thumb-info-no-zoom\">\r\n\t\t\t\t\t<span class=\"thumb-info-wrapper\">\r\n\t\t\t\t\t\t\t\t\t\t\t\t\t\t\t<img loading=\"lazy\" decoding=\"async\" class=\"img-responsive\" src=\"https:\/\/drgokhansert.com\/eng\/wp-content\/uploads\/2024\/02\/Yuz-Germe-400x300.jpg\" alt=\"\" width=\"400\" height=\"300\" \/>\r\n\t\t\t\t\t\t\t\t\t\r\n\t\t\t\t\t\t\r\n\t\t\t\t\t\t\r\n\t\t\t\t\t\t\t\t\t\t\t\t\t\t\t\t<span class=\"thumb-info-title\">\r\n\r\n\t\t\t\t\t\t\t\t\t\t<span class=\"thumb-info-inner\">Face Lift\u00a0<\/span>\r\n\r\n\t\t\t\t\t\t\t\t\t\t\r\n\t\t\t\t\t\t\t\t\t<\/span>\r\n\t\t\t\t\t\t\t\t\t\t\t\t\t\t\t\t\t\t\t\t\t\t\t\t\t\t\t\t\t\t\t<\/span>\r\n\t\t\t\t<\/span>\r\n\t\t\t<\/a>\r\n\t\t\t\t\t\t\t\t<\/div>\r\n\t<\/article>\r\n\t\t<article class=\"portfolio portfolio-grid portfolio-col-4 dr-gokhan-sert post-2051 type-portfolio status-publish has-post-thumbnail hentry portfolio_cat-dr-gokhan-sert\">\r\n\t\t<h3 class=\"entry-title\" style=\"display: none;\">Breast Reduction\u00a0<\/h3><span class=\"vcard\" style=\"display: none;\"><span class=\"fn\"><a href=\"https:\/\/drgokhansert.com\/eng\/author\/alper\/\" title=\"Alper Can S\u0131rk\u0131nt\u0131 taraf\u0131ndan yaz\u0131lan yaz\u0131lar\" rel=\"author\">Alper Can S\u0131rk\u0131nt\u0131<\/a><\/span><\/span><span class=\"updated\" style=\"display:none\">2024-02-08T23:57:07+03:00<\/span>\t\t<div class=\"portfolio-item default\">\r\n\t\t\t\r\n\t\t\t<a class=\"text-decoration-none portfolio-link\" href=\"https:\/\/drgokhansert.com\/eng\/specialties\/breast-reduction\/\">\r\n\t\t\t\t<span class=\"thumb-info thumb-info-lighten thumb-info-no-zoom\">\r\n\t\t\t\t\t<span class=\"thumb-info-wrapper\">\r\n\t\t\t\t\t\t\t\t\t\t\t\t\t\t\t<img loading=\"lazy\" decoding=\"async\" class=\"img-responsive\" src=\"https:\/\/drgokhansert.com\/eng\/wp-content\/uploads\/2024\/02\/Meme-Kucultme-400x300.jpg\" alt=\"\" width=\"400\" height=\"300\" \/>\r\n\t\t\t\t\t\t\t\t\t\r\n\t\t\t\t\t\t\r\n\t\t\t\t\t\t\r\n\t\t\t\t\t\t\t\t\t\t\t\t\t\t\t\t<span class=\"thumb-info-title\">\r\n\r\n\t\t\t\t\t\t\t\t\t\t<span class=\"thumb-info-inner\">Breast Reduction\u00a0<\/span>\r\n\r\n\t\t\t\t\t\t\t\t\t\t\r\n\t\t\t\t\t\t\t\t\t<\/span>\r\n\t\t\t\t\t\t\t\t\t\t\t\t\t\t\t\t\t\t\t\t\t\t\t\t\t\t\t\t\t\t\t<\/span>\r\n\t\t\t\t<\/span>\r\n\t\t\t<\/a>\r\n\t\t\t\t\t\t\t\t<\/div>\r\n\t<\/article>\r\n\t\t<article class=\"portfolio portfolio-grid portfolio-col-4 dr-gokhan-sert post-2048 type-portfolio status-publish has-post-thumbnail hentry portfolio_cat-dr-gokhan-sert\">\r\n\t\t<h3 class=\"entry-title\" style=\"display: none;\">Breast Augmentation<\/h3><span class=\"vcard\" style=\"display: none;\"><span class=\"fn\"><a href=\"https:\/\/drgokhansert.com\/eng\/author\/alper\/\" title=\"Alper Can S\u0131rk\u0131nt\u0131 taraf\u0131ndan yaz\u0131lan yaz\u0131lar\" rel=\"author\">Alper Can S\u0131rk\u0131nt\u0131<\/a><\/span><\/span><span class=\"updated\" style=\"display:none\">2024-02-08T23:50:43+03:00<\/span>\t\t<div class=\"portfolio-item default\">\r\n\t\t\t\r\n\t\t\t<a class=\"text-decoration-none portfolio-link\" href=\"https:\/\/drgokhansert.com\/eng\/specialties\/breast-augmentation\/\">\r\n\t\t\t\t<span class=\"thumb-info thumb-info-lighten thumb-info-no-zoom\">\r\n\t\t\t\t\t<span class=\"thumb-info-wrapper\">\r\n\t\t\t\t\t\t\t\t\t\t\t\t\t\t\t<img loading=\"lazy\" decoding=\"async\" class=\"img-responsive\" src=\"https:\/\/drgokhansert.com\/eng\/wp-content\/uploads\/2024\/02\/Meme-Buyutme-400x300.jpg\" alt=\"\" width=\"400\" height=\"300\" \/>\r\n\t\t\t\t\t\t\t\t\t\r\n\t\t\t\t\t\t\r\n\t\t\t\t\t\t\r\n\t\t\t\t\t\t\t\t\t\t\t\t\t\t\t\t<span class=\"thumb-info-title\">\r\n\r\n\t\t\t\t\t\t\t\t\t\t<span class=\"thumb-info-inner\">Breast Augmentation<\/span>\r\n\r\n\t\t\t\t\t\t\t\t\t\t\r\n\t\t\t\t\t\t\t\t\t<\/span>\r\n\t\t\t\t\t\t\t\t\t\t\t\t\t\t\t\t\t\t\t\t\t\t\t\t\t\t\t\t\t\t\t<\/span>\r\n\t\t\t\t<\/span>\r\n\t\t\t<\/a>\r\n\t\t\t\t\t\t\t\t<\/div>\r\n\t<\/article>\r\n\t\t<article class=\"portfolio portfolio-grid portfolio-col-4 dr-gokhan-sert post-2047 type-portfolio status-publish has-post-thumbnail hentry portfolio_cat-dr-gokhan-sert\">\r\n\t\t<h3 class=\"entry-title\" style=\"display: none;\">Breast Lift (Mastopexy)<\/h3><span class=\"vcard\" style=\"display: none;\"><span class=\"fn\"><a href=\"https:\/\/drgokhansert.com\/eng\/author\/alper\/\" title=\"Alper Can S\u0131rk\u0131nt\u0131 taraf\u0131ndan yaz\u0131lan yaz\u0131lar\" rel=\"author\">Alper Can S\u0131rk\u0131nt\u0131<\/a><\/span><\/span><span class=\"updated\" style=\"display:none\">2024-02-08T23:51:55+03:00<\/span>\t\t<div class=\"portfolio-item default\">\r\n\t\t\t\r\n\t\t\t<a class=\"text-decoration-none portfolio-link\" href=\"https:\/\/drgokhansert.com\/eng\/specialties\/breast-lift-mastopexy\/\">\r\n\t\t\t\t<span class=\"thumb-info thumb-info-lighten thumb-info-no-zoom\">\r\n\t\t\t\t\t<span class=\"thumb-info-wrapper\">\r\n\t\t\t\t\t\t\t\t\t\t\t\t\t\t\t<img loading=\"lazy\" decoding=\"async\" class=\"img-responsive\" src=\"https:\/\/drgokhansert.com\/eng\/wp-content\/uploads\/2024\/02\/Meme-Diklestirme-400x300.jpg\" alt=\"\" width=\"400\" height=\"300\" \/>\r\n\t\t\t\t\t\t\t\t\t\r\n\t\t\t\t\t\t\r\n\t\t\t\t\t\t\r\n\t\t\t\t\t\t\t\t\t\t\t\t\t\t\t\t<span class=\"thumb-info-title\">\r\n\r\n\t\t\t\t\t\t\t\t\t\t<span class=\"thumb-info-inner\">Breast Lift (Mastopexy)<\/span>\r\n\r\n\t\t\t\t\t\t\t\t\t\t\r\n\t\t\t\t\t\t\t\t\t<\/span>\r\n\t\t\t\t\t\t\t\t\t\t\t\t\t\t\t\t\t\t\t\t\t\t\t\t\t\t\t\t\t\t\t<\/span>\r\n\t\t\t\t<\/span>\r\n\t\t\t<\/a>\r\n\t\t\t\t\t\t\t\t<\/div>\r\n\t<\/article>\r\n\t\t<article class=\"portfolio portfolio-grid portfolio-col-4 dr-gokhan-sert post-2080 type-portfolio status-publish has-post-thumbnail hentry portfolio_cat-dr-gokhan-sert\">\r\n\t\t<h3 class=\"entry-title\" style=\"display: none;\">Microsurgery<\/h3><span class=\"vcard\" style=\"display: none;\"><span class=\"fn\"><a href=\"https:\/\/drgokhansert.com\/eng\/author\/alper\/\" title=\"Alper Can S\u0131rk\u0131nt\u0131 taraf\u0131ndan yaz\u0131lan yaz\u0131lar\" rel=\"author\">Alper Can S\u0131rk\u0131nt\u0131<\/a><\/span><\/span><span class=\"updated\" style=\"display:none\">2024-02-09T18:56:53+03:00<\/span>\t\t<div class=\"portfolio-item default\">\r\n\t\t\t\r\n\t\t\t<a class=\"text-decoration-none portfolio-link\" href=\"https:\/\/drgokhansert.com\/eng\/specialties\/microsurgery\/\">\r\n\t\t\t\t<span class=\"thumb-info thumb-info-lighten thumb-info-no-zoom\">\r\n\t\t\t\t\t<span class=\"thumb-info-wrapper\">\r\n\t\t\t\t\t\t\t\t\t\t\t\t\t\t\t<img loading=\"lazy\" decoding=\"async\" class=\"img-responsive\" src=\"https:\/\/drgokhansert.com\/eng\/wp-content\/uploads\/2024\/02\/Mikrocerrahi-400x300.jpg\" alt=\"\" width=\"400\" height=\"300\" \/>\r\n\t\t\t\t\t\t\t\t\t\r\n\t\t\t\t\t\t\r\n\t\t\t\t\t\t\r\n\t\t\t\t\t\t\t\t\t\t\t\t\t\t\t\t<span class=\"thumb-info-title\">\r\n\r\n\t\t\t\t\t\t\t\t\t\t<span class=\"thumb-info-inner\">Microsurgery<\/span>\r\n\r\n\t\t\t\t\t\t\t\t\t\t\r\n\t\t\t\t\t\t\t\t\t<\/span>\r\n\t\t\t\t\t\t\t\t\t\t\t\t\t\t\t\t\t\t\t\t\t\t\t\t\t\t\t\t\t\t\t<\/span>\r\n\t\t\t\t<\/span>\r\n\t\t\t<\/a>\r\n\t\t\t\t\t\t\t\t<\/div>\r\n\t<\/article>\r\n\t\t<article class=\"portfolio portfolio-grid portfolio-col-4 dr-gokhan-sert post-2053 type-portfolio status-publish has-post-thumbnail hentry portfolio_cat-dr-gokhan-sert\">\r\n\t\t<h3 class=\"entry-title\" style=\"display: none;\">Eyelid Aesthetics (Blepharoplasty)<\/h3><span class=\"vcard\" style=\"display: none;\"><span class=\"fn\"><a href=\"https:\/\/drgokhansert.com\/eng\/author\/alper\/\" title=\"Alper Can S\u0131rk\u0131nt\u0131 taraf\u0131ndan yaz\u0131lan yaz\u0131lar\" rel=\"author\">Alper Can S\u0131rk\u0131nt\u0131<\/a><\/span><\/span><span class=\"updated\" style=\"display:none\">2024-02-08T23:49:25+03:00<\/span>\t\t<div class=\"portfolio-item default\">\r\n\t\t\t\r\n\t\t\t<a class=\"text-decoration-none portfolio-link\" href=\"https:\/\/drgokhansert.com\/eng\/specialties\/eyelid-aesthetics-blepharoplasty\/\">\r\n\t\t\t\t<span class=\"thumb-info thumb-info-lighten thumb-info-no-zoom\">\r\n\t\t\t\t\t<span class=\"thumb-info-wrapper\">\r\n\t\t\t\t\t\t\t\t\t\t\t\t\t\t\t<img loading=\"lazy\" decoding=\"async\" class=\"img-responsive\" src=\"https:\/\/drgokhansert.com\/eng\/wp-content\/uploads\/2024\/02\/Goz-Kapagi-Estetigi-400x300.jpg\" alt=\"\" width=\"400\" height=\"300\" \/>\r\n\t\t\t\t\t\t\t\t\t\r\n\t\t\t\t\t\t\r\n\t\t\t\t\t\t\r\n\t\t\t\t\t\t\t\t\t\t\t\t\t\t\t\t<span class=\"thumb-info-title\">\r\n\r\n\t\t\t\t\t\t\t\t\t\t<span class=\"thumb-info-inner\">Eyelid Aesthetics (Blepharoplasty)<\/span>\r\n\r\n\t\t\t\t\t\t\t\t\t\t\r\n\t\t\t\t\t\t\t\t\t<\/span>\r\n\t\t\t\t\t\t\t\t\t\t\t\t\t\t\t\t\t\t\t\t\t\t\t\t\t\t\t\t\t\t\t<\/span>\r\n\t\t\t\t<\/span>\r\n\t\t\t<\/a>\r\n\t\t\t\t\t\t\t\t<\/div>\r\n\t<\/article>\r\n\t\t<article class=\"portfolio portfolio-grid portfolio-col-4 dr-gokhan-sert post-2049 type-portfolio status-publish has-post-thumbnail hentry portfolio_cat-dr-gokhan-sert\">\r\n\t\t<h3 class=\"entry-title\" style=\"display: none;\">Botox<\/h3><span class=\"vcard\" style=\"display: none;\"><span class=\"fn\"><a href=\"https:\/\/drgokhansert.com\/eng\/author\/alper\/\" title=\"Alper Can S\u0131rk\u0131nt\u0131 taraf\u0131ndan yaz\u0131lan yaz\u0131lar\" rel=\"author\">Alper Can S\u0131rk\u0131nt\u0131<\/a><\/span><\/span><span class=\"updated\" style=\"display:none\">2024-02-08T23:55:41+03:00<\/span>\t\t<div class=\"portfolio-item default\">\r\n\t\t\t\r\n\t\t\t<a class=\"text-decoration-none portfolio-link\" href=\"https:\/\/drgokhansert.com\/eng\/specialties\/botox\/\">\r\n\t\t\t\t<span class=\"thumb-info thumb-info-lighten thumb-info-no-zoom\">\r\n\t\t\t\t\t<span class=\"thumb-info-wrapper\">\r\n\t\t\t\t\t\t\t\t\t\t\t\t\t\t\t<img loading=\"lazy\" decoding=\"async\" class=\"img-responsive\" src=\"https:\/\/drgokhansert.com\/eng\/wp-content\/uploads\/2024\/02\/Botoks-400x300.jpg\" alt=\"\" width=\"400\" height=\"300\" \/>\r\n\t\t\t\t\t\t\t\t\t\r\n\t\t\t\t\t\t\r\n\t\t\t\t\t\t\r\n\t\t\t\t\t\t\t\t\t\t\t\t\t\t\t\t<span class=\"thumb-info-title\">\r\n\r\n\t\t\t\t\t\t\t\t\t\t<span class=\"thumb-info-inner\">Botox<\/span>\r\n\r\n\t\t\t\t\t\t\t\t\t\t\r\n\t\t\t\t\t\t\t\t\t<\/span>\r\n\t\t\t\t\t\t\t\t\t\t\t\t\t\t\t\t\t\t\t\t\t\t\t\t\t\t\t\t\t\t\t<\/span>\r\n\t\t\t\t<\/span>\r\n\t\t\t<\/a>\r\n\t\t\t\t\t\t\t\t<\/div>\r\n\t<\/article>\r\n\t\r\n\t\r\n\t\r\n\t\t<\/div>\r\n\r\n\t\r\n\t\r\n\t<\/div>\r\n\r\n\t\r\n\t\r\n\t<\/div>[\/vc_column][\/vc_row][vc_row wrap_container=&#8221;yes&#8221; bg_type=&#8221;bg_color&#8221; bg_color_value=&#8221;#f4f4f4&#8243; css=&#8221;.vc_custom_1511707406088{background-color: #f4f4f4 !important;}&#8221;][vc_column][vc_empty_space height=&#8221;20px&#8221;]\n<div class=\"wpcf7 no-js\" id=\"wpcf7-f2324-o1\" lang=\"tr-TR\" dir=\"ltr\" data-wpcf7-id=\"2324\">\n<div class=\"screen-reader-response\"><p role=\"status\" aria-live=\"polite\" aria-atomic=\"true\"><\/p> <ul><\/ul><\/div>\n<form action=\"\/eng\/wp-json\/wp\/v2\/pages\/12#wpcf7-f2324-o1\" method=\"post\" class=\"wpcf7-form init\" aria-label=\"\u0130leti\u015fim Formu\" novalidate=\"novalidate\" data-status=\"init\">\n<fieldset class=\"hidden-fields-container\"><input type=\"hidden\" name=\"_wpcf7\" value=\"2324\" \/><input type=\"hidden\" name=\"_wpcf7_version\" value=\"6.1.5\" \/><input type=\"hidden\" name=\"_wpcf7_locale\" value=\"tr_TR\" \/><input type=\"hidden\" name=\"_wpcf7_unit_tag\" value=\"wpcf7-f2324-o1\" \/><input type=\"hidden\" name=\"_wpcf7_container_post\" value=\"0\" \/><input type=\"hidden\" name=\"_wpcf7_posted_data_hash\" value=\"\" \/>\n<\/fieldset>\n<h2 class=\"short\"><strong>Contact Form<\/strong>\n<\/h2>\n<div class=\"row\">\n\t<div class=\"col-md-6\">\n\t\t<div class=\"form-group\">\n\t\t\t<p><label for=\"contact-name\">Name & Surname *<\/label><br \/>\n<span class=\"wpcf7-form-control-wrap\" data-name=\"your-name\"><input size=\"40\" maxlength=\"400\" class=\"wpcf7-form-control wpcf7-text wpcf7-validates-as-required form-control\" id=\"contact-name\" aria-required=\"true\" aria-invalid=\"false\" value=\"\" type=\"text\" name=\"your-name\" \/><\/span>\n\t\t\t<\/p>\n\t\t<\/div>\n\t<\/div>\n\t<div class=\"col-md-6\">\n\t\t<div class=\"form-group\">\n\t\t\t<p><label for=\"contact-email\">E-mail *<\/label><br \/>\n<span class=\"wpcf7-form-control-wrap\" data-name=\"your-email\"><input size=\"40\" maxlength=\"400\" class=\"wpcf7-form-control wpcf7-email wpcf7-validates-as-required wpcf7-text wpcf7-validates-as-email form-control\" id=\"contact-email\" aria-required=\"true\" aria-invalid=\"false\" value=\"\" type=\"email\" name=\"your-email\" \/><\/span>\n\t\t\t<\/p>\n\t\t<\/div>\n\t<\/div>\n\t<div class=\"col-md-6\">\n\t\t<div class=\"form-group\">\n\t\t\t<p><label for=\"contact-subject\">Phone *<\/label><br \/>\n<span class=\"wpcf7-form-control-wrap\" data-name=\"tel-588\"><input size=\"40\" maxlength=\"400\" class=\"wpcf7-form-control wpcf7-tel wpcf7-validates-as-required wpcf7-text wpcf7-validates-as-tel form-control\" id=\"contact-subject\" aria-required=\"true\" aria-invalid=\"false\" value=\"\" type=\"tel\" name=\"tel-588\" \/><\/span>\n\t\t\t<\/p>\n\t\t<\/div>\n\t<\/div>\n\t<div class=\"col-md-6\">\n\t\t<div class=\"form-group\">\n\t\t\t<p><label for=\"contact-subject\">Subject *<\/label><br \/>\n<span class=\"wpcf7-form-control-wrap\" data-name=\"your-subject\"><input size=\"40\" maxlength=\"400\" class=\"wpcf7-form-control wpcf7-text wpcf7-validates-as-required form-control\" aria-required=\"true\" aria-invalid=\"false\" value=\"\" type=\"text\" name=\"your-subject\" \/><\/span>\n\t\t\t<\/p>\n\t\t<\/div>\n\t<\/div>\n\t<div class=\"col-md-12\">\n\t\t<div class=\"form-group\">\n\t\t\t<p><label for=\"contact-message\">Message *<\/label><br \/>\n<span class=\"wpcf7-form-control-wrap\" data-name=\"your-message\"><textarea cols=\"40\" rows=\"10\" maxlength=\"2000\" class=\"wpcf7-form-control wpcf7-textarea wpcf7-validates-as-required form-control\" id=\"contact-message\" aria-required=\"true\" aria-invalid=\"false\" name=\"your-message\"><\/textarea><\/span>\n\t\t\t<\/p>\n\t\t<\/div>\n\t<\/div>\n\t<div class=\"col-md-6\">\n\t\t<div class=\"form-group\">\n\t\t\t<p><span class=\"wpcf7-form-control-wrap\" data-name=\"GvenlikSorusu\"><label><span class=\"wpcf7-quiz-label\">2x2=<\/span> <input size=\"40\" class=\"wpcf7-form-control wpcf7-quiz\" autocomplete=\"off\" aria-required=\"true\" aria-invalid=\"false\" type=\"text\" name=\"GvenlikSorusu\" \/><\/label><input type=\"hidden\" name=\"_wpcf7_quiz_answer_GvenlikSorusu\" value=\"6bb355a1f8a92e123b283f49816bf9c6\" \/><\/span>\n\t\t\t<\/p>\n\t\t\t<p><input class=\"wpcf7-form-control wpcf7-submit has-spinner btn btn-primary btn-lg\" type=\"submit\" value=\"Send\" \/>\n\t\t\t<\/p>\n\t\t<\/div>\n\t<\/div>\n<\/div><p style=\"display: none !important;\" class=\"akismet-fields-container\" data-prefix=\"_wpcf7_ak_\"><label>&#916;<textarea name=\"_wpcf7_ak_hp_textarea\" cols=\"45\" rows=\"8\" maxlength=\"100\"><\/textarea><\/label><input type=\"hidden\" id=\"ak_js_1\" name=\"_wpcf7_ak_js\" value=\"240\"\/><script>document.getElementById( \"ak_js_1\" ).setAttribute( \"value\", ( new Date() ).getTime() );<\/script><\/p><div class=\"wpcf7-response-output\" aria-hidden=\"true\"><\/div>\n<\/form>\n<\/div>\n[vc_empty_space height=&#8221;20px&#8221;][\/vc_column][\/vc_row]<\/p>\n<\/div>","protected":false},"excerpt":{"rendered":"<p>[vc_row full_width=&#8221;stretch_row_content_no_spaces&#8221; css=&#8221;.vc_custom_1691582065640{margin-bottom: 0px !important;border-bottom-width: 0px !important;padding-bottom: 0px !important;}&#8221; conditional_render=&#8221;%5B%7B%22value_role%22%3A%22administrator%22%7D%5D&#8221;][vc_column][vc_single_image image_dynamic_fallback=&#8221;2329&#8243; img_size=&#8221;full&#8221; alignment=&#8221;center&#8221; enable_image_dynamic=&#8221;true&#8221; css=&#8221;.vc_custom_1711519232696{margin-bottom: 0px !important;border-bottom-width: 0px !important;padding-bottom: 0px !important;}&#8221; label=&#8221;&#8221;][vc_column_text][vc_separator color=&#8221;custom&#8221; border_width=&#8221;3&#8243; accent_color=&#8221;#002F69&#8243;][\/vc_column_text][\/vc_column][\/vc_row][vc_row wrap_container=&#8221;yes&#8221; bg_type=&#8221;bg_color&#8221; bg_color_value=&#8221;#f4f4f4&#8243;][vc_column width=&#8221;2\/3&#8243;][vc_custom_heading text=&#8221;Assoc. Prof. Dr. G\u00f6khan Sert&#8221; use_theme_fonts=&#8221;yes&#8221;][vc_column_text]I was born in \u0130zmir in 1990. I completed my primary education and high school education at \u0130zmir Turkish College. I [&hellip;]<\/p>\n","protected":false},"author":1,"featured_media":0,"parent":0,"menu_order":0,"comment_status":"closed","ping_status":"closed","template":"","meta":{"_joinchat":[],"footnotes":""},"class_list":["post-12","page","type-page","status-publish","hentry"],"_links":{"self":[{"href":"https:\/\/drgokhansert.com\/eng\/wp-json\/wp\/v2\/pages\/12","targetHints":{"allow":["GET"]}}],"collection":[{"href":"https:\/\/drgokhansert.com\/eng\/wp-json\/wp\/v2\/pages"}],"about":[{"href":"https:\/\/drgokhansert.com\/eng\/wp-json\/wp\/v2\/types\/page"}],"author":[{"embeddable":true,"href":"https:\/\/drgokhansert.com\/eng\/wp-json\/wp\/v2\/users\/1"}],"replies":[{"embeddable":true,"href":"https:\/\/drgokhansert.com\/eng\/wp-json\/wp\/v2\/comments?post=12"}],"version-history":[{"count":0,"href":"https:\/\/drgokhansert.com\/eng\/wp-json\/wp\/v2\/pages\/12\/revisions"}],"wp:attachment":[{"href":"https:\/\/drgokhansert.com\/eng\/wp-json\/wp\/v2\/media?parent=12"}],"curies":[{"name":"wp","href":"https:\/\/api.w.org\/{rel}","templated":true}]}}